{"id":2648,"date":"2019-01-24T19:16:52","date_gmt":"2019-01-24T19:16:52","guid":{"rendered":"http:\/\/spanielklubben-nordsjaelland.dk\/?page_id=2648"},"modified":"2025-12-03T21:50:34","modified_gmt":"2025-12-03T21:50:34","slug":"klubbens-traenere","status":"publish","type":"page","link":"https:\/\/spanielklubben-nordsjaelland.dk\/?page_id=2648","title":{"rendered":"Klubbens tr\u00e6nere"},"content":{"rendered":"\r\n<p><strong>Hvalpe motivation og\u00a0tr\u00e6ning:<\/strong><\/p>\r\n<p>Nina Lambert Nielsen<\/p>\r\n<p>&nbsp;<\/p>\r\n<p><strong>Lydighed for familie- og jagthunden:<\/strong><\/p>\r\n<p>Julia Schumann<\/p>\r\n<p>Michael Schousboe<\/p>\r\n<p>&nbsp;<\/p>\r\n<p><b>Grundtr\u00e6ning for jagthunden:<\/b><\/p>\r\n<p>Dorthe Schultz-Larsen<\/p>\r\n<p>\r\n\r\n<\/p>\r\n<p>Michael Schultz-Larsen<\/p>\r\n<p>&nbsp;<\/p>\r\n<p><strong>Supplerende Tr\u00e6nere:<\/strong><\/p>\r\n<p>Mads Jepsen<\/p>\r\n<p>Thomas Iversen<\/p>\r\n<p>Signe Schousboe<\/p>\r\n<p>Lotte Pedersen<\/p>\r\n<p>Amanda Louise Schultz-Nielsen<\/p>\r\n","protected":false},"excerpt":{"rendered":"<p>Hvalpe motivation og\u00a0tr\u00e6ning: Nina Lambert Nielsen &nbsp; Lydighed for familie- og jagthunden: Julia Schumann Michael Schousboe &nbsp; Grundtr\u00e6ning for jagthunden: Dorthe Schultz-Larsen Michael Schultz-Larsen &nbsp; Supplerende Tr\u00e6nere: Mads Jepsen Thomas Iversen Signe Schousboe Lotte Pedersen Amanda Louise Schultz-Nielsen<\/p>\n","protected":false},"author":2,"featured_media":0,"parent":0,"menu_order":0,"comment_status":"closed","ping_status":"closed","template":"","meta":{"footnotes":""},"class_list":["post-2648","page","type-page","status-publish","hentry"],"_links":{"self":[{"href":"https:\/\/spanielklubben-nordsjaelland.dk\/index.php?rest_route=\/wp\/v2\/pages\/2648","targetHints":{"allow":["GET"]}}],"collection":[{"href":"https:\/\/spanielklubben-nordsjaelland.dk\/index.php?rest_route=\/wp\/v2\/pages"}],"about":[{"href":"https:\/\/spanielklubben-nordsjaelland.dk\/index.php?rest_route=\/wp\/v2\/types\/page"}],"author":[{"embeddable":true,"href":"https:\/\/spanielklubben-nordsjaelland.dk\/index.php?rest_route=\/wp\/v2\/users\/2"}],"replies":[{"embeddable":true,"href":"https:\/\/spanielklubben-nordsjaelland.dk\/index.php?rest_route=%2Fwp%2Fv2%2Fcomments&post=2648"}],"version-history":[{"count":9,"href":"https:\/\/spanielklubben-nordsjaelland.dk\/index.php?rest_route=\/wp\/v2\/pages\/2648\/revisions"}],"predecessor-version":[{"id":2902,"href":"https:\/\/spanielklubben-nordsjaelland.dk\/index.php?rest_route=\/wp\/v2\/pages\/2648\/revisions\/2902"}],"wp:attachment":[{"href":"https:\/\/spanielklubben-nordsjaelland.dk\/index.php?rest_route=%2Fwp%2Fv2%2Fmedia&parent=2648"}],"curies":[{"name":"wp","href":"https:\/\/api.w.org\/{rel}","templated":true}]}}