{"id":2708,"date":"2019-04-11T15:42:30","date_gmt":"2019-04-11T15:42:30","guid":{"rendered":"http:\/\/spanielklubben-nordsjaelland.dk\/?page_id=2708"},"modified":"2019-04-11T17:06:18","modified_gmt":"2019-04-11T17:06:18","slug":"hvalpetraening","status":"publish","type":"page","link":"https:\/\/spanielklubben-nordsjaelland.dk\/?page_id=2708","title":{"rendered":"Hvalpetr\u00e6ning"},"content":{"rendered":"<p>Om Hvalpetr\u00e6ning<\/p>\n<p>Det er den naturlige fors\u00e6ttelse af jeres tr\u00e6ning efter endt Hvalpemotivation.<\/p>\n<p>Der bliver nu stillet lidt h\u00f8jere krav og vi begynder at tr\u00e6ne bassis \u00f8velserne:<br \/>\nVi skal nu \u00f8ve at fastholde kontakten n\u00e5r vi g\u00e5r tur med line p\u00e5.<br \/>\nVi \u00f8ver sit og bliv.<br \/>\nVi \u00f8ver indkaldet.<br \/>\nSamt en masse sjove, sp\u00e6ndende \u00f8velser, oplevelser og lege s\u00e5 tr\u00e6ningen altid er sjov.<\/p>\n","protected":false},"excerpt":{"rendered":"<p>Om Hvalpetr\u00e6ning Det er den naturlige fors\u00e6ttelse af jeres tr\u00e6ning efter endt Hvalpemotivation. Der bliver nu stillet lidt h\u00f8jere krav og vi begynder at tr\u00e6ne bassis \u00f8velserne: Vi skal nu \u00f8ve at fastholde kontakten n\u00e5r vi g\u00e5r tur med line p\u00e5. Vi \u00f8ver sit og bliv. Vi \u00f8ver indkaldet. Samt en masse sjove, sp\u00e6ndende \u00f8velser, &hellip; <a href=\"https:\/\/spanielklubben-nordsjaelland.dk\/?page_id=2708\" class=\"more-link\">L\u00e6s videre <span class=\"screen-reader-text\">Hvalpetr\u00e6ning<\/span> <span class=\"meta-nav\">&rarr;<\/span><\/a><\/p>\n","protected":false},"author":2,"featured_media":0,"parent":66,"menu_order":10,"comment_status":"closed","ping_status":"closed","template":"","meta":{"footnotes":""},"class_list":["post-2708","page","type-page","status-publish","hentry"],"_links":{"self":[{"href":"https:\/\/spanielklubben-nordsjaelland.dk\/index.php?rest_route=\/wp\/v2\/pages\/2708","targetHints":{"allow":["GET"]}}],"collection":[{"href":"https:\/\/spanielklubben-nordsjaelland.dk\/index.php?rest_route=\/wp\/v2\/pages"}],"about":[{"href":"https:\/\/spanielklubben-nordsjaelland.dk\/index.php?rest_route=\/wp\/v2\/types\/page"}],"author":[{"embeddable":true,"href":"https:\/\/spanielklubben-nordsjaelland.dk\/index.php?rest_route=\/wp\/v2\/users\/2"}],"replies":[{"embeddable":true,"href":"https:\/\/spanielklubben-nordsjaelland.dk\/index.php?rest_route=%2Fwp%2Fv2%2Fcomments&post=2708"}],"version-history":[{"count":3,"href":"https:\/\/spanielklubben-nordsjaelland.dk\/index.php?rest_route=\/wp\/v2\/pages\/2708\/revisions"}],"predecessor-version":[{"id":2720,"href":"https:\/\/spanielklubben-nordsjaelland.dk\/index.php?rest_route=\/wp\/v2\/pages\/2708\/revisions\/2720"}],"up":[{"embeddable":true,"href":"https:\/\/spanielklubben-nordsjaelland.dk\/index.php?rest_route=\/wp\/v2\/pages\/66"}],"wp:attachment":[{"href":"https:\/\/spanielklubben-nordsjaelland.dk\/index.php?rest_route=%2Fwp%2Fv2%2Fmedia&parent=2708"}],"curies":[{"name":"wp","href":"https:\/\/api.w.org\/{rel}","templated":true}]}}