{"id":909,"date":"2019-04-11T14:37:59","date_gmt":"2019-04-11T14:37:59","guid":{"rendered":"http:\/\/spanielklubben-nordsjaelland.dk\/?page_id=909"},"modified":"2026-02-14T10:20:30","modified_gmt":"2026-02-14T10:20:30","slug":"spanielklubben-nordsjaelland","status":"publish","type":"page","link":"https:\/\/spanielklubben-nordsjaelland.dk\/","title":{"rendered":"Spanielklubben Nordsj\u00e6lland"},"content":{"rendered":"\r\n<p>Vintertr\u00e6ning er i fuld gang.\u00a0 Se n\u00e6rmere p\u00e5 facebook,\u00a0 og NemTilmeld.<\/p>\r\n<p>Der vil blive sl\u00e5et hold op til for\u00e5rstr\u00e6ning senere.<\/p>\r\n<div dir=\"auto\">Vi gl\u00e6der os til at se jer\u00a0 p\u00e5 tr\u00e6nings pladsen<\/div>\r\n<div dir=\"auto\">\r\n<div dir=\"auto\">K\u00e6rlig hilsen<\/div>\r\n<div dir=\"auto\">Alle tr\u00e6nerne og bestyrelsen.<\/div>\r\n<div dir=\"auto\">\u00a0<\/div>\r\n<\/div>\r\n<p><a href=\"http:\/\/spanielklubben-nordsjaelland.dk\/wp-content\/uploads\/2021\/12\/Cody-Vinter.jpg\"><img loading=\"lazy\" decoding=\"async\" class=\"alignnone size-medium wp-image-2813\" src=\"http:\/\/spanielklubben-nordsjaelland.dk\/wp-content\/uploads\/2021\/12\/Cody-Vinter-225x300.jpg\" alt=\"\" width=\"225\" height=\"300\" srcset=\"https:\/\/spanielklubben-nordsjaelland.dk\/wp-content\/uploads\/2021\/12\/Cody-Vinter-225x300.jpg 225w, https:\/\/spanielklubben-nordsjaelland.dk\/wp-content\/uploads\/2021\/12\/Cody-Vinter.jpg 720w\" sizes=\"auto, (max-width: 225px) 100vw, 225px\" \/><\/a><\/p>\r\n<p>&nbsp;<\/p>\r\n<ul class=\"wp-block-gallery aligncenter columns-1 is-cropped\">\r\n<li class=\"blocks-gallery-item\" style=\"text-align: center;\">&#8212;<\/li>\r\n<\/ul>\r\n<p>F\u00f8lg med p\u00e5 Facebook <a href=\"https:\/\/www.facebook.com\/groups\/948584611851953\/\" target=\"_blank\" rel=\"noreferrer noopener\" aria-label=\"HER (\u00e5bner i en ny fane)\">HER <\/a>og her p\u00e5 hjemmesiden.<\/p>\r\n\r\n\r\n\r\n\r\n\r\n<p>&nbsp;<\/p>\r\n","protected":false},"excerpt":{"rendered":"<p>Vintertr\u00e6ning er i fuld gang.\u00a0 Se n\u00e6rmere p\u00e5 facebook,\u00a0 og NemTilmeld. Der vil blive sl\u00e5et hold op til for\u00e5rstr\u00e6ning senere. Vi gl\u00e6der os til at se jer\u00a0 p\u00e5 tr\u00e6nings pladsen K\u00e6rlig hilsen Alle tr\u00e6nerne og bestyrelsen. \u00a0 &nbsp; &#8212; F\u00f8lg med p\u00e5 Facebook HER og her p\u00e5 hjemmesiden. &nbsp;<\/p>\n","protected":false},"author":2,"featured_media":0,"parent":0,"menu_order":10,"comment_status":"closed","ping_status":"closed","template":"","meta":{"footnotes":""},"class_list":["post-909","page","type-page","status-publish","hentry"],"_links":{"self":[{"href":"https:\/\/spanielklubben-nordsjaelland.dk\/index.php?rest_route=\/wp\/v2\/pages\/909","targetHints":{"allow":["GET"]}}],"collection":[{"href":"https:\/\/spanielklubben-nordsjaelland.dk\/index.php?rest_route=\/wp\/v2\/pages"}],"about":[{"href":"https:\/\/spanielklubben-nordsjaelland.dk\/index.php?rest_route=\/wp\/v2\/types\/page"}],"author":[{"embeddable":true,"href":"https:\/\/spanielklubben-nordsjaelland.dk\/index.php?rest_route=\/wp\/v2\/users\/2"}],"replies":[{"embeddable":true,"href":"https:\/\/spanielklubben-nordsjaelland.dk\/index.php?rest_route=%2Fwp%2Fv2%2Fcomments&post=909"}],"version-history":[{"count":210,"href":"https:\/\/spanielklubben-nordsjaelland.dk\/index.php?rest_route=\/wp\/v2\/pages\/909\/revisions"}],"predecessor-version":[{"id":2913,"href":"https:\/\/spanielklubben-nordsjaelland.dk\/index.php?rest_route=\/wp\/v2\/pages\/909\/revisions\/2913"}],"wp:attachment":[{"href":"https:\/\/spanielklubben-nordsjaelland.dk\/index.php?rest_route=%2Fwp%2Fv2%2Fmedia&parent=909"}],"curies":[{"name":"wp","href":"https:\/\/api.w.org\/{rel}","templated":true}]}}